Calculate the remainder when 20623 is divided by 608.
559
What is the remainder when 36759 is divided by 234?
21
Calculate the remainder when 1164002 is divided by 1163765.
237
Calculate the remainder when 1664746 is divided by 981.
970
What is the remainder when 37002384 is divided by 146?
144
Calculate the remainder when 227668 is divided by 937.
914
Calculate the remainder when 122434 is divided by 12228.
154
Calculate the remainder when 1545579 is divided by 515189.
12
What is the remainder when 45791 is divided by 131?
72
Calculate the remainder when 441371 is divided by 4046.
357
What is the remainder when 36000862 is divided by 187?
183
What is the remainder when 50057 is divided by 25016?
25
What is the remainder when 598218 is divided by 54382?
16
What is the remainder when 38998439 is divided by 195?
194
What is the remainder when 173780 is divided by 57604?
968
What is the remainder when 1432172 is divided by 44755?
12
Calculate the remainder when 20984252 is divided by 408.
404
What is the remainder when 33231 is divided by 1763?
1497
Calculate the remainder when 10715405 is divided by 2203.
13
What is the remainder when 169273 is divided by 4056?
2977
Calculate the remainder when 2602656 is divided by 1509.
1140
Calculate the remainder when 533894 is divided by 133449.
98
What is the remainder when 271661 is divided by 3353?
68
What is the remainder when 1712389 is divided by 3425?
3314
What is the remainder when 375211 is divided by 1094?
1063
What is the remainder when 118641465 is divided by 54598?
11
Calculate the remainder when 528195 is divided by 29244.
1803
Calculate the remainder when 3044901 is divided by 304465.
251
What is the remainder when 251150 is divided by 82976?
2222
Calculate the remainder when 1125961 is divided by 287.
60
What is the remainder when 70631018 is divided by 1173?
1169
What is the remainder when 9641340 is divided by 107?
105
Calculate the remainder when 481705 is divided by 616.
609
What is the remainder when 36748419 is divided by 73204?
11
What is the remainder when 17756613 is divided by 24?
21
Calculate the remainder when 159778975 is divided by 79889476.
23
What is the remainder when 11819133 is divided by 21?
18
What is the remainder when 329429 is divided by 284?
273
What is the remainder when 61658 is divided by 20473?
239
Calculate the remainder when 80796329 is divided by 961861.
5
What is the remainder when 457212578 is divided by 7?
4
Calculate the remainder when 784358189 is divided by 5313.
5312
What is the remainder when 106266 is divided by 204?
186
What is the remainder when 1119764 is divided by 124417?
11
Calculate the remainder when 1249471 is divided by 16.
15
What is the remainder when 105445389 is divided by 208?
205
What is the remainder when 6256 is divided by 1027?
94
Calculate the remainder when 5448004 is divided by 321.
313
What is the remainder when 10414588 is divided by 1037?
1034
Calculate the remainder when 50523907 is divided by 50523899.
8
Calculate the remainder when 25542 is divided by 52.
10
Calculate the remainder when 395923560 is divided by 1756.
1752
What is the remainder when 74900 is divided by 74883?
17
What is the remainder when 59747837 is divided by 9957968?
29
Calculate the remainder when 9458337 is divided by 472916.
17
Calculate the remainder when 3853349 is divided by 1161.
1151
Calculate the remainder when 795480 is divided by 382.
156
What is the remainder when 9190435 is divided by 1398?
1381
What is the remainder when 5992069 is divided by 665785?
4
What is the remainder when 1420 is divided by 8?
4
What is the remainder when 38965 is divided by 38802?
163
What is the remainder when 2634019 is divided by 10?
9
What is the remainder when 83273836 is divided by 12671?
24
What is the remainder when 247584922 is divided by 175?
172
What is the remainder when 367836 is divided by 59?
30
What is the remainder when 67363 is divided by 1423?
482
What is the remainder when 220548 is divided by 174?
90
What is the remainder when 2783762 is divided by 26?
20
Calculate the remainder when 25458 is divided by 12648.
162
Calculate the remainder when 1814087 is divided by 2458.
83
Calculate the remainder when 1559735 is divided by 1893.
1796
Calculate the remainder when 1252819 is divided by 113892.
7
Calculate the remainder when 470978 is divided by 916.
154
What is the remainder when 18843 is divided by 15346?
3497
Calculate the remainder when 98720099 is divided by 270.
269
Calculate the remainder when 4675302 is divided by 20687.
40
What is the remainder when 740241 is divided by 1087?
1081
What is the remainder when 12489499 is divided by 43?
20
What is the remainder when 2070039 is divided by 86251?
15
What is the remainder when 509006 is divided by 2111?
255
What is the remainder when 5267070 is divided by 658382?
14
Calculate the remainder when 166227 is divided by 13839.
159
What is the remainder when 8475507 is divided by 362?
1
What is the remainder when 679750 is divided by 1743?
1723
Calculate the remainder when 124112263 is divided by 31.
12
What is the remainder when 130118 is divided by 2133?
5
What is the remainder when 915866 is divided by 228916?
202
Calculate the remainder when 69295 is divided by 2682.
2245
What is the remainder when 370796 is divided by 280?
76
Calculate the remainder when 177325 is divided by 54.
43
What is the remainder when 41810995 is divided by 1050?
1045
What is the remainder when 1255029 is divided by 156878?
5
Calculate the remainder when 140514497 is divided by 573.
572
Calculate the remainder when 763809 is divided by 1705.
1674
Calculate the remainder when 931728068 is divided by 4342.
4340
What is the remainder when 91922 is divided by 43768?
4386
Calculate the remainder when 18627630 is divided by 423355.
10
What is the remainder when 18292577 is divided by 239?
234
What is the remainder when 5573266 is divided by 2786600?
66
What is the remainder when 4521100 is divided by 13181?
17
Calculate the remainder when 1352239 is divided by 157.
155
What is the remainder when 303986 is divided by 3453?
122
Calculate the remainder when 4695 is divided by 1394.
513
Calculate the remainder when 311615 is divided by 4367.
1558
Calculate the remainder when 2926608 is divided by 2926607.
1
What is the remainder when 73319282 is divided by 27?
26
Calculate the remainder when 2629269 is divided by 2852.
2577
Calculate the remainder when 392444 is divided by 351.
26
What is the remainder when 1488808 is divided by 186073?
224
Calculate the remainder when 22886 is divided by 957.
875
Calculate the remainder when 2560309 is divided by 161.
87
What is the remainder when 76351 is divided by 38109?
133
Calculate the remainder when 4814829 is divided by 21985.
114
Calculate the remainder when 388742 is divided by 129561.
59
Calculate the remainder when 1880007 is divided by 48.
39
What is the remainder when 736888 is divided by 57?
49
Calculate the remainder when 147275 is divided by 2012.
399
Calculate the remainder when 317504 is divided by 378.
362
Calculate the remainder when 37376 is divided by 36851.
525
What is the remainder when 44567680 is divided by 13?
1
Calculate the remainder when 26671239 is divided by 2222603.
3
What is the remainder when 190103 is divided by 91116?
7871
Calculate the remainder when 57827 is divided by 2138.
101
What is the remainder when 34359617 is divided by 5337?
11
What is the remainder when 2244736 is divided by 1129?
284
Calculate the remainder when 581430 is divided by 22361.
44
Calculate the remainder when 167866098 is divided by 1528.
18
Calculate the remainder when 3826806 is divided by 153024.
1206
What is the remainder when 1800196 is divided by 951?
904
What is the remainder when 483020 is divided by 12834?
8162
Calculate the remainder when 8068776 is divided by 21926.
8
What is the remainder when 8047 is divided by 2170?
1537
What is the remainder when 107299993 is divided by 54?
49
Calculate the remainder when 264539 is divided by 52646.
1309
What is the remainder when 9636 is divided by 1570?
216
Calculate the remainder when 200048 is divided by 837.
5
What is the remainder when 4267653 is divided by 1422544?
21
What is the remainder when 11069270 is divided by 301?
296
Wh